{"id":254,"date":"2020-01-23T18:50:18","date_gmt":"2020-01-23T17:50:18","guid":{"rendered":"http:\/\/01renovation.fr\/?page_id=254"},"modified":"2020-01-23T18:50:18","modified_gmt":"2020-01-23T17:50:18","slug":"realisations","status":"publish","type":"page","link":"http:\/\/01renovation.com\/?page_id=254","title":{"rendered":"REALISATIONS"},"content":{"rendered":"\n<h2 class=\"wp-block-heading\">Notre \u00e9quipe de professionnels vous pr\u00e9sente diff\u00e9rentes images de leurs installations et r\u00e9novations de portes, de fen\u00eatres et d\u2019escaliers.<\/h2>\n\n\n<h2 class=\"wp-block-heading\">Parcourez les galeries ci-dessous et faites-vous une id\u00e9e \u00e0 propos des services et des finitions de notre entreprise 01R\u00e9novation \u00e0 P\u00e9ron.<\/h2>\n\n\n<h2 class=\"wp-block-heading\">Pour toute demande de renseignements compl\u00e9mentaires, veuillez nous <a href=\"http:\/\/01renovation.fr\/contact\/\">contacter.<\/a><\/h2>\n\n\n<div class=\"wp-block-media-text alignwide\"><figure class=\"wp-block-media-text__media\"><img decoding=\"async\" src=\"http:\/\/01renovation.fr\/wp-content\/uploads\/2020\/01\/L1140065-768x1024.jpg\" alt=\"\" class=\"wp-image-255\"\/><\/figure><div class=\"wp-block-media-text__content\">\n<p class=\"has-large-font-size\">Pose escalier en bois<\/p>\n<\/div><\/div>\n\n\n<figure class=\"wp-block-gallery columns-3 is-cropped wp-block-gallery-1 is-layout-flex wp-block-gallery-is-layout-flex\"><ul class=\"blocks-gallery-grid\"><li class=\"blocks-gallery-item\"><figure><img decoding=\"async\" src=\"http:\/\/01renovation.fr\/wp-content\/uploads\/2020\/01\/L1140059-768x1024.jpg\" alt=\"\" data-id=\"256\" data-full-url=\"http:\/\/01renovation.com\/wp-content\/uploads\/2020\/01\/L1140059-scaled-1.jpg\" data-link=\"http:\/\/01renovation.fr\/?attachment_id=256#main\" class=\"wp-image-256\"\/><figcaption class=\"blocks-gallery-item__caption\">AVANT<\/figcaption><\/figure><\/li><li class=\"blocks-gallery-item\"><figure><img decoding=\"async\" src=\"http:\/\/01renovation.fr\/wp-content\/uploads\/2020\/01\/L1140060-768x1024.jpg\" alt=\"\" data-id=\"257\" data-full-url=\"http:\/\/01renovation.com\/wp-content\/uploads\/2020\/01\/L1140060-scaled-1.jpg\" data-link=\"http:\/\/01renovation.fr\/?attachment_id=257#main\" class=\"wp-image-257\"\/><figcaption class=\"blocks-gallery-item__caption\">AVANT<\/figcaption><\/figure><\/li><li class=\"blocks-gallery-item\"><figure><img decoding=\"async\" src=\"http:\/\/01renovation.fr\/wp-content\/uploads\/2020\/01\/L1140061-768x1024.jpg\" alt=\"\" data-id=\"258\" data-full-url=\"http:\/\/01renovation.com\/wp-content\/uploads\/2020\/01\/L1140061-scaled-1.jpg\" data-link=\"http:\/\/01renovation.fr\/?attachment_id=258#main\" class=\"wp-image-258\"\/><figcaption class=\"blocks-gallery-item__caption\">AVANT<\/figcaption><\/figure><\/li><li class=\"blocks-gallery-item\"><figure><img decoding=\"async\" src=\"http:\/\/01renovation.fr\/wp-content\/uploads\/2020\/01\/L1140062-768x1024.jpg\" alt=\"\" data-id=\"259\" data-full-url=\"http:\/\/01renovation.com\/wp-content\/uploads\/2020\/01\/L1140062-scaled-1.jpg\" data-link=\"http:\/\/01renovation.fr\/?attachment_id=259#main\" class=\"wp-image-259\"\/><figcaption class=\"blocks-gallery-item__caption\">AVANT<\/figcaption><\/figure><\/li><li class=\"blocks-gallery-item\"><figure><img decoding=\"async\" src=\"http:\/\/01renovation.fr\/wp-content\/uploads\/2020\/01\/L1140063-768x1024.jpg\" alt=\"\" data-id=\"260\" data-full-url=\"http:\/\/01renovation.com\/wp-content\/uploads\/2020\/01\/L1140063-scaled-1.jpg\" data-link=\"http:\/\/01renovation.fr\/?attachment_id=260#main\" class=\"wp-image-260\"\/><figcaption class=\"blocks-gallery-item__caption\">AVANT<\/figcaption><\/figure><\/li><li class=\"blocks-gallery-item\"><figure><img decoding=\"async\" src=\"http:\/\/01renovation.fr\/wp-content\/uploads\/2020\/01\/L1140064-1024x768.jpg\" alt=\"\" data-id=\"261\" data-full-url=\"http:\/\/01renovation.com\/wp-content\/uploads\/2020\/01\/L1140064-scaled-1.jpg\" data-link=\"http:\/\/01renovation.fr\/?attachment_id=261#main\" class=\"wp-image-261\"\/><figcaption class=\"blocks-gallery-item__caption\">APRES<\/figcaption><\/figure><\/li><li class=\"blocks-gallery-item\"><figure><img decoding=\"async\" src=\"http:\/\/01renovation.fr\/wp-content\/uploads\/2020\/01\/L1140066-1024x768.jpg\" alt=\"\" data-id=\"263\" data-full-url=\"http:\/\/01renovation.com\/wp-content\/uploads\/2020\/01\/L1140066-scaled-1.jpg\" data-link=\"http:\/\/01renovation.fr\/?attachment_id=263#main\" class=\"wp-image-263\"\/><figcaption class=\"blocks-gallery-item__caption\">APRES<\/figcaption><\/figure><\/li><li class=\"blocks-gallery-item\"><figure><img decoding=\"async\" src=\"http:\/\/01renovation.fr\/wp-content\/uploads\/2020\/01\/L1140067-768x1024.jpg\" alt=\"\" data-id=\"264\" data-full-url=\"http:\/\/01renovation.com\/wp-content\/uploads\/2020\/01\/L1140067-scaled-1.jpg\" data-link=\"http:\/\/01renovation.fr\/?attachment_id=264#main\" class=\"wp-image-264\"\/><figcaption class=\"blocks-gallery-item__caption\">APRES<\/figcaption><\/figure><\/li><li class=\"blocks-gallery-item\"><figure><img decoding=\"async\" src=\"http:\/\/01renovation.fr\/wp-content\/uploads\/2020\/01\/L1140068-768x1024.jpg\" alt=\"\" data-id=\"265\" data-full-url=\"http:\/\/01renovation.com\/wp-content\/uploads\/2020\/01\/L1140068-scaled-1.jpg\" data-link=\"http:\/\/01renovation.fr\/?attachment_id=265#main\" class=\"wp-image-265\"\/><figcaption class=\"blocks-gallery-item__caption\">APRES<\/figcaption><\/figure><\/li><\/ul><\/figure>\n\n\n<div class=\"wp-block-media-text alignwide\"><figure class=\"wp-block-media-text__media\"><img loading=\"lazy\" decoding=\"async\" width=\"480\" height=\"640\" src=\"http:\/\/01renovation.com\/wp-content\/uploads\/2020\/01\/Realisation-Marches-bois-IMG_0837.jpg\" alt=\"\" class=\"wp-image-281\" srcset=\"http:\/\/01renovation.com\/wp-content\/uploads\/2020\/01\/Realisation-Marches-bois-IMG_0837.jpg 480w, http:\/\/01renovation.com\/wp-content\/uploads\/2020\/01\/Realisation-Marches-bois-IMG_0837-225x300.jpg 225w\" sizes=\"auto, (max-width: 480px) 100vw, 480px\" \/><\/figure><div class=\"wp-block-media-text__content\">\n<p class=\"has-large-font-size\">Mise en oeuvre marches bois sur escalier b\u00e9ton<\/p>\n<\/div><\/div>\n\n\n<figure class=\"wp-block-gallery columns-3 is-cropped wp-block-gallery-2 is-layout-flex wp-block-gallery-is-layout-flex\"><ul class=\"blocks-gallery-grid\"><li class=\"blocks-gallery-item\"><figure><img loading=\"lazy\" decoding=\"async\" width=\"480\" height=\"640\" src=\"http:\/\/01renovation.com\/wp-content\/uploads\/2020\/01\/Realisation-marches-bois-IMG_9389-rotated-1.jpg\" alt=\"\" data-id=\"288\" data-full-url=\"http:\/\/01renovation.com\/wp-content\/uploads\/2020\/01\/Realisation-marches-bois-IMG_9389-rotated-1.jpg\" data-link=\"http:\/\/01renovation.fr\/?attachment_id=288#main\" class=\"wp-image-288\" srcset=\"http:\/\/01renovation.com\/wp-content\/uploads\/2020\/01\/Realisation-marches-bois-IMG_9389-rotated-1.jpg 480w, http:\/\/01renovation.com\/wp-content\/uploads\/2020\/01\/Realisation-marches-bois-IMG_9389-rotated-1-225x300.jpg 225w\" sizes=\"auto, (max-width: 480px) 100vw, 480px\" \/><figcaption class=\"blocks-gallery-item__caption\">AVANT<\/figcaption><\/figure><\/li><li class=\"blocks-gallery-item\"><figure><img loading=\"lazy\" decoding=\"async\" width=\"480\" height=\"640\" src=\"http:\/\/01renovation.com\/wp-content\/uploads\/2020\/01\/Realisation-marches-bois-IMG_9387-rotated-1.jpg\" alt=\"\" data-id=\"286\" data-full-url=\"http:\/\/01renovation.com\/wp-content\/uploads\/2020\/01\/Realisation-marches-bois-IMG_9387-rotated-1.jpg\" data-link=\"http:\/\/01renovation.fr\/?attachment_id=286#main\" class=\"wp-image-286\" srcset=\"http:\/\/01renovation.com\/wp-content\/uploads\/2020\/01\/Realisation-marches-bois-IMG_9387-rotated-1.jpg 480w, http:\/\/01renovation.com\/wp-content\/uploads\/2020\/01\/Realisation-marches-bois-IMG_9387-rotated-1-225x300.jpg 225w\" sizes=\"auto, (max-width: 480px) 100vw, 480px\" \/><figcaption class=\"blocks-gallery-item__caption\">AVANT<\/figcaption><\/figure><\/li><li class=\"blocks-gallery-item\"><figure><img loading=\"lazy\" decoding=\"async\" width=\"480\" height=\"640\" src=\"http:\/\/01renovation.com\/wp-content\/uploads\/2020\/01\/realisation-marches-bois-IMG_9388-rotated-1.jpg\" alt=\"\" data-id=\"287\" data-full-url=\"http:\/\/01renovation.com\/wp-content\/uploads\/2020\/01\/realisation-marches-bois-IMG_9388-rotated-1.jpg\" data-link=\"http:\/\/01renovation.fr\/?attachment_id=287#main\" class=\"wp-image-287\" srcset=\"http:\/\/01renovation.com\/wp-content\/uploads\/2020\/01\/realisation-marches-bois-IMG_9388-rotated-1.jpg 480w, http:\/\/01renovation.com\/wp-content\/uploads\/2020\/01\/realisation-marches-bois-IMG_9388-rotated-1-225x300.jpg 225w\" sizes=\"auto, (max-width: 480px) 100vw, 480px\" \/><figcaption class=\"blocks-gallery-item__caption\">AVANT<\/figcaption><\/figure><\/li><li class=\"blocks-gallery-item\"><figure><img loading=\"lazy\" decoding=\"async\" width=\"480\" height=\"640\" src=\"http:\/\/01renovation.com\/wp-content\/uploads\/2020\/01\/Realisation-Marches-bois-IMG_0840-1-rotated-1.jpg\" alt=\"\" data-id=\"282\" data-full-url=\"http:\/\/01renovation.com\/wp-content\/uploads\/2020\/01\/Realisation-Marches-bois-IMG_0840-1-rotated-1.jpg\" data-link=\"http:\/\/01renovation.fr\/?attachment_id=282#main\" class=\"wp-image-282\" srcset=\"http:\/\/01renovation.com\/wp-content\/uploads\/2020\/01\/Realisation-Marches-bois-IMG_0840-1-rotated-1.jpg 480w, http:\/\/01renovation.com\/wp-content\/uploads\/2020\/01\/Realisation-Marches-bois-IMG_0840-1-rotated-1-225x300.jpg 225w\" sizes=\"auto, (max-width: 480px) 100vw, 480px\" \/><figcaption class=\"blocks-gallery-item__caption\">APRES<\/figcaption><\/figure><\/li><li class=\"blocks-gallery-item\"><figure><img loading=\"lazy\" decoding=\"async\" width=\"480\" height=\"640\" src=\"http:\/\/01renovation.com\/wp-content\/uploads\/2020\/01\/Realisation-Marches-Bois-IMG_0841-rotated-1.jpg\" alt=\"\" data-id=\"283\" data-full-url=\"http:\/\/01renovation.com\/wp-content\/uploads\/2020\/01\/Realisation-Marches-Bois-IMG_0841-rotated-1.jpg\" data-link=\"http:\/\/01renovation.fr\/?attachment_id=283#main\" class=\"wp-image-283\" srcset=\"http:\/\/01renovation.com\/wp-content\/uploads\/2020\/01\/Realisation-Marches-Bois-IMG_0841-rotated-1.jpg 480w, http:\/\/01renovation.com\/wp-content\/uploads\/2020\/01\/Realisation-Marches-Bois-IMG_0841-rotated-1-225x300.jpg 225w\" sizes=\"auto, (max-width: 480px) 100vw, 480px\" \/><figcaption class=\"blocks-gallery-item__caption\">APRES<\/figcaption><\/figure><\/li><li class=\"blocks-gallery-item\"><figure><img loading=\"lazy\" decoding=\"async\" width=\"480\" height=\"640\" src=\"http:\/\/01renovation.com\/wp-content\/uploads\/2020\/01\/Realisation-Marches-bois-IMG_0848-rotated-1.jpg\" alt=\"\" data-id=\"284\" data-full-url=\"http:\/\/01renovation.com\/wp-content\/uploads\/2020\/01\/Realisation-Marches-bois-IMG_0848-rotated-1.jpg\" data-link=\"http:\/\/01renovation.fr\/?attachment_id=284#main\" class=\"wp-image-284\" srcset=\"http:\/\/01renovation.com\/wp-content\/uploads\/2020\/01\/Realisation-Marches-bois-IMG_0848-rotated-1.jpg 480w, http:\/\/01renovation.com\/wp-content\/uploads\/2020\/01\/Realisation-Marches-bois-IMG_0848-rotated-1-225x300.jpg 225w\" sizes=\"auto, (max-width: 480px) 100vw, 480px\" \/><figcaption class=\"blocks-gallery-item__caption\">APRES<\/figcaption><\/figure><\/li><li class=\"blocks-gallery-item\"><figure><img loading=\"lazy\" decoding=\"async\" width=\"480\" height=\"640\" src=\"http:\/\/01renovation.com\/wp-content\/uploads\/2020\/01\/Realisation-Marches-bois-IMG_0849-rotated-1.jpg\" alt=\"\" data-id=\"285\" data-full-url=\"http:\/\/01renovation.com\/wp-content\/uploads\/2020\/01\/Realisation-Marches-bois-IMG_0849-rotated-1.jpg\" data-link=\"http:\/\/01renovation.fr\/?attachment_id=285#main\" class=\"wp-image-285\" srcset=\"http:\/\/01renovation.com\/wp-content\/uploads\/2020\/01\/Realisation-Marches-bois-IMG_0849-rotated-1.jpg 480w, http:\/\/01renovation.com\/wp-content\/uploads\/2020\/01\/Realisation-Marches-bois-IMG_0849-rotated-1-225x300.jpg 225w\" sizes=\"auto, (max-width: 480px) 100vw, 480px\" \/><\/figure><\/li><\/ul><\/figure>\n\n\n<h2 class=\"wp-block-heading\">Pour plus d\u2019informations, contactez notre entreprise de vente et pose de menuiseries \u00e0 P\u00e9ron dans l\u2019Ain :  <a href=\"http:\/\/01renovation.fr\/contact\/\">http:\/\/01renovation.fr\/contact\/<\/a><\/h2>\n\n\n<h2 class=\"wp-block-heading\"><a rel=\"noreferrer noopener\" href=\"mailto:info.01renovation@gmail.com\" target=\"_blank\">info.01renovation@gmail.com<\/a><\/h2>\n\n\n<p><\/p>\n","protected":false},"excerpt":{"rendered":"<p>Notre \u00e9quipe de professionnels vous pr\u00e9sente diff\u00e9rentes images de leurs installations et r\u00e9novations de portes, de fen\u00eatres et d\u2019escaliers. Parcourez les galeries ci-dessous et faites-vous une id\u00e9e \u00e0 propos des services et des finitions de notre entreprise 01R\u00e9novation \u00e0 P\u00e9ron. Pour toute demande de renseignements compl\u00e9mentaires, veuillez nous contacter. Pose escalier en bois Mise en<\/p>\n<p class=\"more-link\"><a href=\"http:\/\/01renovation.com\/?page_id=254\" class=\"themebutton\">Read More<\/a><\/p>\n","protected":false},"author":1,"featured_media":0,"parent":0,"menu_order":7,"comment_status":"closed","ping_status":"closed","template":"","meta":{"footnotes":""},"class_list":["post-254","page","type-page","status-publish","hentry"],"_links":{"self":[{"href":"http:\/\/01renovation.com\/index.php?rest_route=\/wp\/v2\/pages\/254","targetHints":{"allow":["GET"]}}],"collection":[{"href":"http:\/\/01renovation.com\/index.php?rest_route=\/wp\/v2\/pages"}],"about":[{"href":"http:\/\/01renovation.com\/index.php?rest_route=\/wp\/v2\/types\/page"}],"author":[{"embeddable":true,"href":"http:\/\/01renovation.com\/index.php?rest_route=\/wp\/v2\/users\/1"}],"replies":[{"embeddable":true,"href":"http:\/\/01renovation.com\/index.php?rest_route=%2Fwp%2Fv2%2Fcomments&post=254"}],"version-history":[{"count":0,"href":"http:\/\/01renovation.com\/index.php?rest_route=\/wp\/v2\/pages\/254\/revisions"}],"wp:attachment":[{"href":"http:\/\/01renovation.com\/index.php?rest_route=%2Fwp%2Fv2%2Fmedia&parent=254"}],"curies":[{"name":"wp","href":"https:\/\/api.w.org\/{rel}","templated":true}]}}