{"id":165,"date":"2020-01-22T09:41:01","date_gmt":"2020-01-22T08:41:01","guid":{"rendered":"http:\/\/01renovation.fr\/?page_id=165"},"modified":"2020-01-22T09:41:01","modified_gmt":"2020-01-22T08:41:01","slug":"portes-exterieures","status":"publish","type":"page","link":"http:\/\/01renovation.com\/?page_id=165","title":{"rendered":"PORTES EXTERIEURES"},"content":{"rendered":"\n<h2 class=\"wp-block-heading\">01RENOVATION A PERON PORTES EXTERIEURES<\/h2>\n\n\n<h2 class=\"wp-block-heading\">Pour des portes ext\u00e9rieures en bois sur-mesure uniques<\/h2>\n\n\n<h2 class=\"wp-block-heading\">Nous contacter<\/h2>\n\n\n<h3 class=\"wp-block-heading\">04 50 56 39 26<\/h3>\n\n\n<h3 class=\"wp-block-heading\">06 28 33 55 22<\/h3>\n\n\n<h3 class=\"wp-block-heading\"><a href=\"mailto:info.01renovation@gmail.com\" target=\"_blank\" rel=\"noreferrer noopener\">info.01renovation@gmail.com<\/a><\/h3>\n\n\n<h3 class=\"wp-block-heading\">We speak english -Deutsch gesprochen<\/h3>\n\n\n<h2 class=\"wp-block-heading\">Pour toutes les portes d\u2019ext\u00e9rieur bois, PVC ou aluminium que nous vous proposons, notre entreprise de vente et de pose de menuiserie \u00e0 P\u00e9ron vous propose diff\u00e9rents coloris de bois et couleurs de RAL. Faites une photo de la porte de vos r\u00eaves, nous la fabriquons !<\/h2>\n\n\n<h2 class=\"wp-block-heading\">L\u2019association id\u00e9ale de la qualit\u00e9 et de la beaut\u00e9 naturelle est propos\u00e9e par 01 R\u00e9novation !<\/h2>\n\n\n<h2 class=\"wp-block-heading\">Choisissez la serrure, la profondeur et l\u2019\u00e9paisseur et profitez d\u2019une installation soign\u00e9e et d\u2019une robustesse unique. Des fabrications sur-mesure pour tous vos besoins !<\/h2>\n\n\n<figure class=\"wp-block-gallery columns-1 is-cropped wp-block-gallery-1 is-layout-flex wp-block-gallery-is-layout-flex\"><ul class=\"blocks-gallery-grid\"><li class=\"blocks-gallery-item\"><figure><img loading=\"lazy\" decoding=\"async\" width=\"713\" height=\"436\" src=\"http:\/\/01renovation.com\/wp-content\/uploads\/2020\/01\/PORETS-EXTERIEURES-modif1.jpg\" alt=\"\" data-id=\"166\" class=\"wp-image-166\" srcset=\"http:\/\/01renovation.com\/wp-content\/uploads\/2020\/01\/PORETS-EXTERIEURES-modif1.jpg 713w, http:\/\/01renovation.com\/wp-content\/uploads\/2020\/01\/PORETS-EXTERIEURES-modif1-300x183.jpg 300w\" sizes=\"auto, (max-width: 713px) 100vw, 713px\" \/><\/figure><\/li><\/ul><\/figure>\n\n\n<figure class=\"wp-block-gallery columns-1 is-cropped wp-block-gallery-2 is-layout-flex wp-block-gallery-is-layout-flex\"><ul class=\"blocks-gallery-grid\"><li class=\"blocks-gallery-item\"><figure><img loading=\"lazy\" decoding=\"async\" width=\"713\" height=\"436\" src=\"http:\/\/01renovation.com\/wp-content\/uploads\/2020\/01\/PORETS-EXTERIEURES-modif2-1.jpg\" alt=\"\" data-id=\"168\" data-full-url=\"http:\/\/01renovation.com\/wp-content\/uploads\/2020\/01\/PORETS-EXTERIEURES-modif2-1.jpg\" data-link=\"http:\/\/01renovation.fr\/?attachment_id=168#main\" class=\"wp-image-168\" srcset=\"http:\/\/01renovation.com\/wp-content\/uploads\/2020\/01\/PORETS-EXTERIEURES-modif2-1.jpg 713w, http:\/\/01renovation.com\/wp-content\/uploads\/2020\/01\/PORETS-EXTERIEURES-modif2-1-300x183.jpg 300w\" sizes=\"auto, (max-width: 713px) 100vw, 713px\" \/><\/figure><\/li><\/ul><\/figure>\n\n\n<figure class=\"wp-block-image\"><img loading=\"lazy\" decoding=\"async\" width=\"713\" height=\"436\" src=\"http:\/\/01renovation.com\/wp-content\/uploads\/2020\/01\/PORETS-EXTERIEURES-modif3.jpg\" alt=\"\" class=\"wp-image-169\" srcset=\"http:\/\/01renovation.com\/wp-content\/uploads\/2020\/01\/PORETS-EXTERIEURES-modif3.jpg 713w, http:\/\/01renovation.com\/wp-content\/uploads\/2020\/01\/PORETS-EXTERIEURES-modif3-300x183.jpg 300w\" sizes=\"auto, (max-width: 713px) 100vw, 713px\" \/><\/figure>\n\n\n<figure class=\"wp-block-image size-large\"><img loading=\"lazy\" decoding=\"async\" width=\"713\" height=\"436\" src=\"http:\/\/01renovation.com\/wp-content\/uploads\/2020\/01\/PORETS-EXTERIEURES-modif4-1.jpg\" alt=\"\" class=\"wp-image-176\" srcset=\"http:\/\/01renovation.com\/wp-content\/uploads\/2020\/01\/PORETS-EXTERIEURES-modif4-1.jpg 713w, http:\/\/01renovation.com\/wp-content\/uploads\/2020\/01\/PORETS-EXTERIEURES-modif4-1-300x183.jpg 300w\" sizes=\"auto, (max-width: 713px) 100vw, 713px\" \/><\/figure>\n\n\n<figure class=\"wp-block-image size-large\"><img loading=\"lazy\" decoding=\"async\" width=\"796\" height=\"436\" src=\"http:\/\/01renovation.com\/wp-content\/uploads\/2020\/01\/PORETS-EXTERIEURES-modif5.jpg\" alt=\"\" class=\"wp-image-171\" srcset=\"http:\/\/01renovation.com\/wp-content\/uploads\/2020\/01\/PORETS-EXTERIEURES-modif5.jpg 796w, http:\/\/01renovation.com\/wp-content\/uploads\/2020\/01\/PORETS-EXTERIEURES-modif5-300x164.jpg 300w, http:\/\/01renovation.com\/wp-content\/uploads\/2020\/01\/PORETS-EXTERIEURES-modif5-768x421.jpg 768w\" sizes=\"auto, (max-width: 796px) 100vw, 796px\" \/><\/figure>\n\n\n<figure class=\"wp-block-image size-large\"><img loading=\"lazy\" decoding=\"async\" width=\"1024\" height=\"576\" src=\"http:\/\/01renovation.com\/wp-content\/uploads\/2020\/07\/161718portes-ext-1-1024x576.jpg\" alt=\"\" class=\"wp-image-462\" srcset=\"http:\/\/01renovation.com\/wp-content\/uploads\/2020\/07\/161718portes-ext-1-1024x576.jpg 1024w, http:\/\/01renovation.com\/wp-content\/uploads\/2020\/07\/161718portes-ext-1-300x169.jpg 300w, http:\/\/01renovation.com\/wp-content\/uploads\/2020\/07\/161718portes-ext-1-768x432.jpg 768w, http:\/\/01renovation.com\/wp-content\/uploads\/2020\/07\/161718portes-ext-1-1200x675.jpg 1200w, http:\/\/01renovation.com\/wp-content\/uploads\/2020\/07\/161718portes-ext-1.jpg 1500w\" sizes=\"auto, (max-width: 1024px) 100vw, 1024px\" \/><\/figure>\n\n\n<figure class=\"wp-block-image size-large\"><img loading=\"lazy\" decoding=\"async\" width=\"713\" height=\"436\" src=\"http:\/\/01renovation.com\/wp-content\/uploads\/2020\/01\/PORETS-EXTERIEURES-modif12.jpg\" alt=\"\" class=\"wp-image-175\" srcset=\"http:\/\/01renovation.com\/wp-content\/uploads\/2020\/01\/PORETS-EXTERIEURES-modif12.jpg 713w, http:\/\/01renovation.com\/wp-content\/uploads\/2020\/01\/PORETS-EXTERIEURES-modif12-300x183.jpg 300w\" sizes=\"auto, (max-width: 713px) 100vw, 713px\" \/><\/figure>\n\n\n<figure class=\"wp-block-image size-large\"><img loading=\"lazy\" decoding=\"async\" width=\"713\" height=\"436\" src=\"http:\/\/01renovation.com\/wp-content\/uploads\/2020\/01\/PORETS-EXTERIEURES-modif8.jpg\" alt=\"\" class=\"wp-image-172\" srcset=\"http:\/\/01renovation.com\/wp-content\/uploads\/2020\/01\/PORETS-EXTERIEURES-modif8.jpg 713w, http:\/\/01renovation.com\/wp-content\/uploads\/2020\/01\/PORETS-EXTERIEURES-modif8-300x183.jpg 300w\" sizes=\"auto, (max-width: 713px) 100vw, 713px\" \/><\/figure>\n\n\n<figure class=\"wp-block-image size-large\"><img loading=\"lazy\" decoding=\"async\" width=\"713\" height=\"436\" src=\"http:\/\/01renovation.com\/wp-content\/uploads\/2020\/01\/PORETS-EXTERIEURES-modif9.jpg\" alt=\"\" class=\"wp-image-173\" srcset=\"http:\/\/01renovation.com\/wp-content\/uploads\/2020\/01\/PORETS-EXTERIEURES-modif9.jpg 713w, http:\/\/01renovation.com\/wp-content\/uploads\/2020\/01\/PORETS-EXTERIEURES-modif9-300x183.jpg 300w\" sizes=\"auto, (max-width: 713px) 100vw, 713px\" \/><\/figure>\n\n\n<figure class=\"wp-block-image size-large\"><img loading=\"lazy\" decoding=\"async\" width=\"542\" height=\"823\" src=\"http:\/\/01renovation.com\/wp-content\/uploads\/2020\/01\/PORETS-EXTERIEURES-modif10.jpg\" alt=\"\" class=\"wp-image-174\" srcset=\"http:\/\/01renovation.com\/wp-content\/uploads\/2020\/01\/PORETS-EXTERIEURES-modif10.jpg 542w, http:\/\/01renovation.com\/wp-content\/uploads\/2020\/01\/PORETS-EXTERIEURES-modif10-198x300.jpg 198w\" sizes=\"auto, (max-width: 542px) 100vw, 542px\" \/><\/figure>\n\n\n<h2 class=\"wp-block-heading\">Pour toute demande \u00e9ventuelle de devis ou de compl\u00e9ment d\u2019information, n\u2019h\u00e9sitez pas \u00e0 contacter nos vendeurs et installateurs de portes d\u2019ext\u00e9rieur en bois \u00e0 P\u00e9ron dans l\u2019Ain : 01 R\u00e9novation. <a href=\"http:\/\/01renovation.fr\/contact\/\">contact<\/a><\/h2>\n\n\n<h2 class=\"wp-block-heading\">\u00c0 votre \u00e9coute, nous sommes disponibles pour r\u00e9pondre \u00e0 toutes vos demandes et questions.<\/h2>\n","protected":false},"excerpt":{"rendered":"<p>01RENOVATION A PERON PORTES EXTERIEURES Pour des portes ext\u00e9rieures en bois sur-mesure uniques Nous contacter 04 50 56 39 26 06 28 33 55 22 info.01renovation@gmail.com We speak english -Deutsch gesprochen Pour toutes les portes d\u2019ext\u00e9rieur bois, PVC ou aluminium que nous vous proposons, notre entreprise de vente et de pose de menuiserie \u00e0 P\u00e9ron<\/p>\n<p class=\"more-link\"><a href=\"http:\/\/01renovation.com\/?page_id=165\" class=\"themebutton\">Read More<\/a><\/p>\n","protected":false},"author":1,"featured_media":0,"parent":0,"menu_order":5,"comment_status":"closed","ping_status":"closed","template":"","meta":{"footnotes":""},"class_list":["post-165","page","type-page","status-publish","hentry"],"_links":{"self":[{"href":"http:\/\/01renovation.com\/index.php?rest_route=\/wp\/v2\/pages\/165","targetHints":{"allow":["GET"]}}],"collection":[{"href":"http:\/\/01renovation.com\/index.php?rest_route=\/wp\/v2\/pages"}],"about":[{"href":"http:\/\/01renovation.com\/index.php?rest_route=\/wp\/v2\/types\/page"}],"author":[{"embeddable":true,"href":"http:\/\/01renovation.com\/index.php?rest_route=\/wp\/v2\/users\/1"}],"replies":[{"embeddable":true,"href":"http:\/\/01renovation.com\/index.php?rest_route=%2Fwp%2Fv2%2Fcomments&post=165"}],"version-history":[{"count":0,"href":"http:\/\/01renovation.com\/index.php?rest_route=\/wp\/v2\/pages\/165\/revisions"}],"wp:attachment":[{"href":"http:\/\/01renovation.com\/index.php?rest_route=%2Fwp%2Fv2%2Fmedia&parent=165"}],"curies":[{"name":"wp","href":"https:\/\/api.w.org\/{rel}","templated":true}]}}

<h2 class="wp-block-heading">01RENOVATION A PERON PORTES EXTERIEURES</h2>


<h2 class="wp-block-heading">Pour des portes extérieures en bois sur-mesure uniques</h2>


<h2 class="wp-block-heading">Nous contacter</h2>


<h3 class="wp-block-heading">04 50 56 39 26</h3>


<h3 class="wp-block-heading">06 28 33 55 22</h3>


<h3 class="wp-block-heading"><a href="mailto:info.01renovation@gmail.com" target="_blank" rel="noreferrer noopener">info.01renovation@gmail.com</a></h3>


<h3 class="wp-block-heading">We speak english -Deutsch gesprochen</h3>


<h2 class="wp-block-heading">Pour toutes les portes d’extérieur bois, PVC ou aluminium que nous vous proposons, notre entreprise de vente et de pose de menuiserie à Péron vous propose différents coloris de bois et couleurs de RAL. Faites une photo de la porte de vos rêves, nous la fabriquons !</h2>


<h2 class="wp-block-heading">L’association idéale de la qualité et de la beauté naturelle est proposée par 01 Rénovation !</h2>


<h2 class="wp-block-heading">Choisissez la serrure, la profondeur et l’épaisseur et profitez d’une installation soignée et d’une robustesse unique. Des fabrications sur-mesure pour tous vos besoins !</h2>


<figure class="wp-block-gallery columns-1 is-cropped wp-block-gallery-1 is-layout-flex wp-block-gallery-is-layout-flex"><ul class="blocks-gallery-grid"><li class="blocks-gallery-item"><figure><img loading="lazy" decoding="async" width="713" height="436" src="http://01renovation.com/wp-content/uploads/2020/01/PORETS-EXTERIEURES-modif1.jpg" alt="" data-id="166" class="wp-image-166" srcset="http://01renovation.com/wp-content/uploads/2020/01/PORETS-EXTERIEURES-modif1.jpg 713w, http://01renovation.com/wp-content/uploads/2020/01/PORETS-EXTERIEURES-modif1-300x183.jpg 300w" sizes="auto, (max-width: 713px) 100vw, 713px" /></figure></li></ul></figure>


<figure class="wp-block-gallery columns-1 is-cropped wp-block-gallery-2 is-layout-flex wp-block-gallery-is-layout-flex"><ul class="blocks-gallery-grid"><li class="blocks-gallery-item"><figure><img loading="lazy" decoding="async" width="713" height="436" src="http://01renovation.com/wp-content/uploads/2020/01/PORETS-EXTERIEURES-modif2-1.jpg" alt="" data-id="168" data-full-url="http://01renovation.com/wp-content/uploads/2020/01/PORETS-EXTERIEURES-modif2-1.jpg" data-link="http://01renovation.fr/?attachment_id=168#main" class="wp-image-168" srcset="http://01renovation.com/wp-content/uploads/2020/01/PORETS-EXTERIEURES-modif2-1.jpg 713w, http://01renovation.com/wp-content/uploads/2020/01/PORETS-EXTERIEURES-modif2-1-300x183.jpg 300w" sizes="auto, (max-width: 713px) 100vw, 713px" /></figure></li></ul></figure>


<figure class="wp-block-image"><img loading="lazy" decoding="async" width="713" height="436" src="http://01renovation.com/wp-content/uploads/2020/01/PORETS-EXTERIEURES-modif3.jpg" alt="" class="wp-image-169" srcset="http://01renovation.com/wp-content/uploads/2020/01/PORETS-EXTERIEURES-modif3.jpg 713w, http://01renovation.com/wp-content/uploads/2020/01/PORETS-EXTERIEURES-modif3-300x183.jpg 300w" sizes="auto, (max-width: 713px) 100vw, 713px" /></figure>


<figure class="wp-block-image size-large"><img loading="lazy" decoding="async" width="713" height="436" src="http://01renovation.com/wp-content/uploads/2020/01/PORETS-EXTERIEURES-modif4-1.jpg" alt="" class="wp-image-176" srcset="http://01renovation.com/wp-content/uploads/2020/01/PORETS-EXTERIEURES-modif4-1.jpg 713w, http://01renovation.com/wp-content/uploads/2020/01/PORETS-EXTERIEURES-modif4-1-300x183.jpg 300w" sizes="auto, (max-width: 713px) 100vw, 713px" /></figure>


<figure class="wp-block-image size-large"><img loading="lazy" decoding="async" width="796" height="436" src="http://01renovation.com/wp-content/uploads/2020/01/PORETS-EXTERIEURES-modif5.jpg" alt="" class="wp-image-171" srcset="http://01renovation.com/wp-content/uploads/2020/01/PORETS-EXTERIEURES-modif5.jpg 796w, http://01renovation.com/wp-content/uploads/2020/01/PORETS-EXTERIEURES-modif5-300x164.jpg 300w, http://01renovation.com/wp-content/uploads/2020/01/PORETS-EXTERIEURES-modif5-768x421.jpg 768w" sizes="auto, (max-width: 796px) 100vw, 796px" /></figure>


<figure class="wp-block-image size-large"><img loading="lazy" decoding="async" width="1024" height="576" src="http://01renovation.com/wp-content/uploads/2020/07/161718portes-ext-1-1024x576.jpg" alt="" class="wp-image-462" srcset="http://01renovation.com/wp-content/uploads/2020/07/161718portes-ext-1-1024x576.jpg 1024w, http://01renovation.com/wp-content/uploads/2020/07/161718portes-ext-1-300x169.jpg 300w, http://01renovation.com/wp-content/uploads/2020/07/161718portes-ext-1-768x432.jpg 768w, http://01renovation.com/wp-content/uploads/2020/07/161718portes-ext-1-1200x675.jpg 1200w, http://01renovation.com/wp-content/uploads/2020/07/161718portes-ext-1.jpg 1500w" sizes="auto, (max-width: 1024px) 100vw, 1024px" /></figure>


<figure class="wp-block-image size-large"><img loading="lazy" decoding="async" width="713" height="436" src="http://01renovation.com/wp-content/uploads/2020/01/PORETS-EXTERIEURES-modif12.jpg" alt="" class="wp-image-175" srcset="http://01renovation.com/wp-content/uploads/2020/01/PORETS-EXTERIEURES-modif12.jpg 713w, http://01renovation.com/wp-content/uploads/2020/01/PORETS-EXTERIEURES-modif12-300x183.jpg 300w" sizes="auto, (max-width: 713px) 100vw, 713px" /></figure>


<figure class="wp-block-image size-large"><img loading="lazy" decoding="async" width="713" height="436" src="http://01renovation.com/wp-content/uploads/2020/01/PORETS-EXTERIEURES-modif8.jpg" alt="" class="wp-image-172" srcset="http://01renovation.com/wp-content/uploads/2020/01/PORETS-EXTERIEURES-modif8.jpg 713w, http://01renovation.com/wp-content/uploads/2020/01/PORETS-EXTERIEURES-modif8-300x183.jpg 300w" sizes="auto, (max-width: 713px) 100vw, 713px" /></figure>


<figure class="wp-block-image size-large"><img loading="lazy" decoding="async" width="713" height="436" src="http://01renovation.com/wp-content/uploads/2020/01/PORETS-EXTERIEURES-modif9.jpg" alt="" class="wp-image-173" srcset="http://01renovation.com/wp-content/uploads/2020/01/PORETS-EXTERIEURES-modif9.jpg 713w, http://01renovation.com/wp-content/uploads/2020/01/PORETS-EXTERIEURES-modif9-300x183.jpg 300w" sizes="auto, (max-width: 713px) 100vw, 713px" /></figure>


<figure class="wp-block-image size-large"><img loading="lazy" decoding="async" width="542" height="823" src="http://01renovation.com/wp-content/uploads/2020/01/PORETS-EXTERIEURES-modif10.jpg" alt="" class="wp-image-174" srcset="http://01renovation.com/wp-content/uploads/2020/01/PORETS-EXTERIEURES-modif10.jpg 542w, http://01renovation.com/wp-content/uploads/2020/01/PORETS-EXTERIEURES-modif10-198x300.jpg 198w" sizes="auto, (max-width: 542px) 100vw, 542px" /></figure>


<h2 class="wp-block-heading">Pour toute demande éventuelle de devis ou de complément d’information, n’hésitez pas à contacter nos vendeurs et installateurs de portes d’extérieur en bois à Péron dans l’Ain : 01 Rénovation. <a href="http://01renovation.fr/contact/">contact</a></h2>


<h2 class="wp-block-heading">À votre écoute, nous sommes disponibles pour répondre à toutes vos demandes et questions.</h2>

<p>01RENOVATION A PERON PORTES EXTERIEURES Pour des portes extérieures en bois sur-mesure uniques Nous contacter 04 50 56 39 26 06 28 33 55 22 info.01renovation@gmail.com We speak english -Deutsch gesprochen Pour toutes les portes d’extérieur bois, PVC ou aluminium que nous vous proposons, notre entreprise de vente et de pose de menuiserie à Péron</p>
<p class="more-link"><a href="http://01renovation.com/?page_id=165" class="themebutton">Read More</a></p>
