{"id":112,"date":"2020-01-21T13:42:23","date_gmt":"2020-01-21T12:42:23","guid":{"rendered":"http:\/\/01renovation.fr\/?page_id=112"},"modified":"2020-01-21T13:42:23","modified_gmt":"2020-01-21T12:42:23","slug":"fenetres-bois","status":"publish","type":"page","link":"http:\/\/01renovation.com\/?page_id=112","title":{"rendered":"FEN\u00caTRES BOIS"},"content":{"rendered":"\n<figure class=\"wp-block-gallery columns-3 is-cropped wp-block-gallery-1 is-layout-flex wp-block-gallery-is-layout-flex\"><ul class=\"blocks-gallery-grid\"><li class=\"blocks-gallery-item\"><figure><img decoding=\"async\" src=\"http:\/\/01renovation.fr\/wp-content\/uploads\/2020\/01\/nathalie-fenetre-logras-1024x768.jpg\" alt=\"\" data-id=\"113\" data-link=\"http:\/\/01renovation.fr\/?attachment_id=113#main\" class=\"wp-image-113\"\/><\/figure><\/li><li class=\"blocks-gallery-item\"><figure><img loading=\"lazy\" decoding=\"async\" width=\"520\" height=\"520\" src=\"http:\/\/01renovation.com\/wp-content\/uploads\/2020\/01\/fenetre-en-bois.png\" alt=\"\" data-id=\"114\" data-link=\"http:\/\/01renovation.fr\/?attachment_id=114#main\" class=\"wp-image-114\" srcset=\"http:\/\/01renovation.com\/wp-content\/uploads\/2020\/01\/fenetre-en-bois.png 520w, http:\/\/01renovation.com\/wp-content\/uploads\/2020\/01\/fenetre-en-bois-300x300.png 300w, http:\/\/01renovation.com\/wp-content\/uploads\/2020\/01\/fenetre-en-bois-150x150.png 150w\" sizes=\"auto, (max-width: 520px) 100vw, 520px\" \/><\/figure><\/li><li class=\"blocks-gallery-item\"><figure><img loading=\"lazy\" decoding=\"async\" width=\"714\" height=\"142\" src=\"http:\/\/01renovation.com\/wp-content\/uploads\/2020\/01\/palettes-de-couleur-fenetre-en-bois.jpg\" alt=\"\" data-id=\"115\" data-full-url=\"http:\/\/01renovation.com\/wp-content\/uploads\/2020\/01\/palettes-de-couleur-fenetre-en-bois.jpg\" data-link=\"http:\/\/01renovation.fr\/?attachment_id=115#main\" class=\"wp-image-115\" srcset=\"http:\/\/01renovation.com\/wp-content\/uploads\/2020\/01\/palettes-de-couleur-fenetre-en-bois.jpg 714w, http:\/\/01renovation.com\/wp-content\/uploads\/2020\/01\/palettes-de-couleur-fenetre-en-bois-300x60.jpg 300w\" sizes=\"auto, (max-width: 714px) 100vw, 714px\" \/><\/figure><\/li><\/ul><figcaption class=\"blocks-gallery-caption\">Fen\u00eatres en Bois 01RENOVATION P\u00e9ron<\/figcaption><\/figure>\n\n\n<h2 class=\"wp-block-heading\">Vos fen\u00eatres bois \u00e0 P\u00e9ron: 01 R\u00e9novation<\/h2>\n\n\n<h2 class=\"wp-block-heading\">Une mati\u00e8re noble pour toutes vos fen\u00eatres<\/h2>\n\n\n<h3 class=\"wp-block-heading\">Notre entreprise de vente et de pose de menuiserie \u00e0 P\u00e9ron vous propose la vente et pose de fen\u00eatres en bois.<\/h3>\n\n\n<h3 class=\"wp-block-heading\">Avec 01RENOVATION, nous vous assurons des produits robustes et de qualit\u00e9. Formes design, diverses teintes et caract\u00e9ristiques de bois pour r\u00e9pondre \u00e0 vos demandes et exigences.<\/h3>\n\n\n<div class=\"wp-block-media-text alignwide\"><figure class=\"wp-block-media-text__media\"><img loading=\"lazy\" decoding=\"async\" width=\"520\" height=\"520\" src=\"http:\/\/01renovation.com\/wp-content\/uploads\/2020\/01\/fenetre-en-bois-1.png\" alt=\"\" class=\"wp-image-116\" srcset=\"http:\/\/01renovation.com\/wp-content\/uploads\/2020\/01\/fenetre-en-bois-1.png 520w, http:\/\/01renovation.com\/wp-content\/uploads\/2020\/01\/fenetre-en-bois-1-300x300.png 300w, http:\/\/01renovation.com\/wp-content\/uploads\/2020\/01\/fenetre-en-bois-1-150x150.png 150w\" sizes=\"auto, (max-width: 520px) 100vw, 520px\" \/><\/figure><div class=\"wp-block-media-text__content\">\n<p class=\"has-large-font-size\">SOFTLINE<\/p>\n<\/div><\/div>\n\n\n<h2 class=\"wp-block-heading\">Les fen\u00eatres Softline<\/h2>\n\n\n<h2 class=\"wp-block-heading\">L&rsquo;investissement dans la meilleure qualit\u00e9 est une solution \u00e9conomique et gage d&rsquo;une \u00e9l\u00e9gance classique.<\/h2>\n\n\n<ul class=\"wp-block-list\"><li>Design \u00e9l\u00e9gant gr\u00e2ce \u00e0 la forme exceptionnelle du profil\u00e9 arrondi \u00e0 surface lisse et brillante. Deux esp\u00e8ces de bois disponibles : pin et meranti.<\/li><li>Qualit\u00e9 sup\u00e9rieure gr\u00e2ce aux meilleurs composants et \u00e0 l\u2019utilisation de bois soigneusement s\u00e9lectionn\u00e9.<\/li><li>Respect de l\u2019environnement garanti par l\u2019utilisation de bois naturel et de vernis \u00e0 base d\u2019eau.<\/li><li>Excellente r\u00e9sistance des menuiseries prot\u00e9geant le bois du rayonnement UV et de l\u2019eau s\u2019\u00e9coulant le long de la vitre ainsi qu\u2019une thermo bavette en aluminium facilitant l\u2019\u00e9vacuation de l\u2019eau.<\/li><li>Facilit\u00e9 d\u2019agencement gr\u00e2ce \u00e0 une large palette de peintures couvrantes et transparentes.<\/li><li>Excellente performance thermique garantie par la qualit\u00e9 optimale de mat\u00e9riaux utilis\u00e9s pour la fabrication, par le syst\u00e8me de joint sp\u00e9cialement con\u00e7u et les vitrages sp\u00e9cifiques.<\/li><\/ul>\n\n\n<h2 class=\"wp-block-heading\">Teintes disponibles<\/h2>\n\n\n<figure class=\"wp-block-image size-large\"><img loading=\"lazy\" decoding=\"async\" width=\"714\" height=\"142\" src=\"http:\/\/01renovation.com\/wp-content\/uploads\/2020\/01\/palettes-de-couleur-fenetre-en-bois.jpg\" alt=\"\" class=\"wp-image-115\" srcset=\"http:\/\/01renovation.com\/wp-content\/uploads\/2020\/01\/palettes-de-couleur-fenetre-en-bois.jpg 714w, http:\/\/01renovation.com\/wp-content\/uploads\/2020\/01\/palettes-de-couleur-fenetre-en-bois-300x60.jpg 300w\" sizes=\"auto, (max-width: 714px) 100vw, 714px\" \/><figcaption>Teintes de bois sur demande<\/figcaption><\/figure>\n\n\n<h2 class=\"wp-block-heading\"><br \/>Nous contacter :<\/h2>\n\n\n<h2 class=\"wp-block-heading\"><a href=\"mailto:info.01renovation@gmail.com\" target=\"_blank\" rel=\"noreferrer noopener\">info.01renovation@gmail.com<\/a><\/h2>\n\n\n<h2 class=\"wp-block-heading\"><br \/>We speak english &#8211; Wir sprechen deutsch&nbsp;\u200b\u200b<\/h2>\n\n\n<h2 class=\"wp-block-heading\">+33 (0)4 50 56 39 26  ou<\/h2>\n\n\n<h2 class=\"wp-block-heading\"> +33 (0)6 28 33 55 22<\/h2>\n\n\n<p><\/p>\n","protected":false},"excerpt":{"rendered":"<p>Vos fen\u00eatres bois \u00e0 P\u00e9ron: 01 R\u00e9novation Une mati\u00e8re noble pour toutes vos fen\u00eatres Notre entreprise de vente et de pose de menuiserie \u00e0 P\u00e9ron vous propose la vente et pose de fen\u00eatres en bois. Avec 01RENOVATION, nous vous assurons des produits robustes et de qualit\u00e9. Formes design, diverses teintes et caract\u00e9ristiques de bois pour<\/p>\n<p class=\"more-link\"><a href=\"http:\/\/01renovation.com\/?page_id=112\" class=\"themebutton\">Read More<\/a><\/p>\n","protected":false},"author":1,"featured_media":0,"parent":0,"menu_order":3,"comment_status":"closed","ping_status":"closed","template":"","meta":{"footnotes":""},"class_list":["post-112","page","type-page","status-publish","hentry"],"_links":{"self":[{"href":"http:\/\/01renovation.com\/index.php?rest_route=\/wp\/v2\/pages\/112","targetHints":{"allow":["GET"]}}],"collection":[{"href":"http:\/\/01renovation.com\/index.php?rest_route=\/wp\/v2\/pages"}],"about":[{"href":"http:\/\/01renovation.com\/index.php?rest_route=\/wp\/v2\/types\/page"}],"author":[{"embeddable":true,"href":"http:\/\/01renovation.com\/index.php?rest_route=\/wp\/v2\/users\/1"}],"replies":[{"embeddable":true,"href":"http:\/\/01renovation.com\/index.php?rest_route=%2Fwp%2Fv2%2Fcomments&post=112"}],"version-history":[{"count":0,"href":"http:\/\/01renovation.com\/index.php?rest_route=\/wp\/v2\/pages\/112\/revisions"}],"wp:attachment":[{"href":"http:\/\/01renovation.com\/index.php?rest_route=%2Fwp%2Fv2%2Fmedia&parent=112"}],"curies":[{"name":"wp","href":"https:\/\/api.w.org\/{rel}","templated":true}]}}